k).
-6
Let h(g) = -322487 - 3*g + 322492 - 3*g. Calculate h(5).
-25
Let v = -74 - -109. Suppose 3*m = -2 + v. Suppose -k + m = 10. Let g(c) = c**3 + c. Determine g(k).
2
Let r(b) = -7*b**3 - 16*b**2 + b - 1. Let d(w) = 4*w**3 + 9*w**2 + 1. Let m be (110/(-44))/((-1)/(-2)). Let l(o) = m*d(o) - 3*r(o). What is l(-3)?
7
Let l(z) = 12*z + 320. Let r be l(-26). Let h(u) = -6*u + 1 + r*u + 1 - 7 + 3. Let p = 1 + -5. Calculate h(p).
-10
Suppose -128 = -17*b + 25. Let y(t) = t**3 - 10*t**2 + 15*t - 18. What is y(b)?
36
Let t = 414 + -346. Let p(h) = -h**2 + 60*h - 191*h - 2*h**3 + 64*h + t*h. What is p(1)?
-2
Let z(w) = w**2 - 36*w + 151. Let x(s) = -s - 2. Let v(u) = -5*x(u) - z(u). Let c be v(37). Let r(l) = -l**3 + 7*l**2 + 3*l - 1. Determine r(c).
20
Suppose 0 = -4*w + 5*i + 44, -3*w + 38 = 6*i - 11*i. Let m(o) = -o**3 + 7*o**2 - 13*o + 34. Let p be m(w). Let q(z) = z**2 + 3*z - 7. Calculate q(p).
33
Let s(k) = -4*k**2 - 2*k - 1. Let a be s(-1). Let n be 1 - (-2)/a*-3. Let h be 4 - (-16)/12*n. Let x(p) = -p**2 + 7*p + 9. Determine x(h).
1
Let r(u) = 2*u + 1 + u - 2*u - 4*u**2 - 2*u**2. Suppose 2*j + 4*t = -6, -5*t = -28*j + 33*j + 10. Determine r(j).
-6
Let l(y) = -3*y + 700*y**2 + 7 - 5*y - 1380*y**2 + 676*y**2. Give l(-4).
-25
Suppose -18*o + 34 = -2. Suppose -q = -3*y + o*y + 4, -3*q = 3*y + 6. Let v(d) = -d**2 - 3*d + 4. Give v(q).
4
Let g(t) = -t**2 - 11*t + 4. Suppose 14*u + 660 - 450 = 0. Calculate g(u).
-56
Let f(a) = -101*a - 79. Let r(h) = 71*h + 52. Let g(w) = 5*f(w) + 7*r(w). What is g(0)?
-31
Let y(a) be the third derivative of -a**6/120 - 31*a**5/60 - 5*a**4/2 - 29*a**3/6 + 2*a**2 - 616*a. Calculate y(-29).
29
Suppose -2*p + 2 = -7*c + 2*c, 4*c - 3*p + 3 = 0. Let l(a) = c*a - a - 437 + 440. Calculate l(0).
3
Let w = -5539 - -5536. Let k(b) be the second derivative of -7*b**3/6 - 5*b**2/2 + 5*b. What is k(w)?
16
Suppose 0 = -9*v + 2*v - 14. Let l be 0/(-4*1/v). Suppose l = 12*j - 9*j. Let u(h) = -h**3 + 3. What is u(j)?
3
Let z(a) = a**3 - 4*a**2 + 4*a. Let q be ((-6)/(-3) - 2)*1. Let b be (-1)/(-2)*q - (6 - 9). What is z(b)?
3
Suppose 34*o - 92 + 228 = 0. Let t be 8/12 + 8/6. Let y(d) = t + d + d - 7*d - d**2. Give y(o).
6
Let f(g) = -g - 70. Suppose -m - 6 = -3*w, 3*m - 126 = w - 128. Give f(m).
-70
Suppose -x + 0 = 2*w + 1, -4*w - x = 1. Let p(t) = -t**3 + 8*t**2 + 10*t - 7. Let m be p(9). Suppose w = -o - 6 + m. Let u(i) = -i**2 - 4*i - 4. Determine u(o).
-4
Let s be 0 - ((-45)/36)/(1/(-4)). Let n(f) be the second derivative of f**3/6 + 82*f. Calculate n(s).
-5
Let i(s) be the third derivative of 1/6*s**4 - 3*s**2 - 1/60*s**5 + 0 - 1/6*s**3 + 0*s. Determine i(3).
2
Let t(c) = c**2 + 9*c + 29. Let p(r) = r**2 + 8*r + 31. Let x(d) = 3*p(d) - 4*t(d). Suppose -17*z - 190 = -3. What is x(z)?
-12
Let o(q) = q**2 - 3*q + 4. Suppose -307*w + 291*w + 144 = 0. Determine o(w).
58
Suppose -7 - 78 = -5*j. Suppose j*a = -3*a - 20. Let p(i) = -22*i**2 - i - 1. Calculate p(a).
-22
Let b = 99 - 93. Let u(n) = b + 8*n**2 + 9*n**2 - 18*n**2 + 2*n. Suppose a + 15 = -4*z, -2*z - 15 = -5*a + 4*a. Determine u(a).
-9
Let j be (6/(-24) + 260/(-48))*-3. Let r(o) = o**2 - 26*o + 157. Determine r(j).
4
Let r be (-4)/6 - (-14)/3. Suppose 20 = -156*o + 157*o. Suppose -r*t = t - o. Let f(h) = h**3 - 5*h**2 + 4*h - 1. Determine f(t).
-1
Let x(l) = -l**3 - 4*l**2 + 7*l - 20. Let i(q) = -70*q - 566. Let w be i(-8). What is x(w)?
10
Let a(q) = 18*q + 121. Let n be a(-6). Let k(d) = d - n - 8 + 24. What is k(-8)?
-5
Let a(h) = h**2 + 7*h + 3. Let m(i) = -i**2 - 7*i - 2. Let p(d) = -3*a(d) - 4*m(d). Let f be p(-8). Let s(l) = 11 + 10 + 12 - 32 - f*l. Calculate s(-1).
8
Let x(a) = 31*a**2 - 41*a - 8. Let n(g) = -7*g**2 + 10*g + 2. Let f(u) = -9*n(u) - 2*x(u). Calculate f(8).
-2
Let f = -316 + 354. Let h(l) = -3 - 37*l**3 + 7*l**2 - 10*l + f*l**3 + 2*l**2. Calculate h(-10).
-3
Let k(s) = -2*s**2 - 8*s + 1. Let f(w) = 14*w**2 + 49*w - 1. Let j(a) = f(a) + 5*k(a). Determine j(-3).
13
Let f(d) = 18*d + 144. Let g be 0/(10 - 4) + (-11 - -2). Calculate f(g).
-18
Let d(t) = 10*t**2 - t. Let y = 2 + -93. Let f = y - -92. Calculate d(f).
9
Let f(o) = -35*o**2 + o + 32*o**2 + 2 - 63*o**3 - 62*o**3 + 120*o**3. Give f(-2).
28
Let r(w) = -9*w + 67. Suppose 5*k = -2*v - 140 + 136, 0 = 3*k + 12. Calculate r(v).
-5
Let f(n) = -370*n - 17. Let r(c) = 515*c + 17. Let w(h) = -4*f(h) - 3*r(h). Give w(-2).
147
Let j = -64 + 64. Suppose j = -l + 3*q - 6, l + 0*q + 12 = -3*q. Let r(p) = p**2 + 11*p + 7. Give r(l).
-11
Let y(x) be the third derivative of x**5/60 + 3*x**4/8 + 5*x**3/2 + 1159*x**2. Determine y(-6).
-3
Let d(z) = 3*z**3 - 5*z**2 - 24*z + 3. Let x(j) = 7*j**3 - 10*j**2 - 49*j + 9. Let b(u) = -5*d(u) + 2*x(u). What is b(-3)?
9
Let p(f) = -7*f - 5. Let g(d) = 17 - d - 17. Let m(y) = 6*g(y) - p(y). Give m(-8).
-3
Let g(n) = 2*n**3 + 2*n**2 - 4*n + 3. Suppose -19*j + 6*j = -65. Suppose -8*y + j*y = -6. Suppose y*c - 3 - 1 = 0. What is g(c)?
19
Let h(n) = -n**2 - 11*n + 9. Let s be (4 + -1 + (-30)/9)*-30. Let v = s + -19. Let q be (v/(-27) - 11/6)*8. Determine h(q).
-3
Suppose 44*o - 221*o + 310 = 133*o. Let b(d) = 11*d**2 - 7*d - 5. Let x(z) = -6*z**2 + 4*z + 3. Let s(m) = -4*b(m) - 7*x(m). Give s(o).
-3
Let d(y) = -2*y**2 - 5*y + 2. Let w(f) = -f**2 - 4*f + 1. Let n(s) = -2*d(s) + 3*w(s). Suppose 10*c = 14*c - 12. What is n(c)?
2
Let f(y) = -318 - 320 + 639 - y. Let c(p) = -p + 3. Let h(o) = -3*c(o) + 5*f(o). Calculate h(6).
-16
Let u(a) be the third derivative of -a**4/24 - 5*a**3/3 + 5141*a**2. Let s be ((-10)/4)/((-3)/(-6)). Let n be 2/5 + 42/s. Determine u(n).
-2
Let w(d) = d**3 - 4*d**2 + 3*d - 1. Let t be w(2). Let k(r) be the third derivative of r**5/60 + r**4/6 - r**3/3 + r**2 - 13069. Give k(t).
-5
Let r(z) = 18 - 17 - 2 + 5 + 10*z. Give r(-11).
-106
Let c(u) = 3*u**3 - 3*u**2 - 5*u. Let y(q) = 4*q**3 - 3*q**2 - 6*q + 1. Let n(m) = -3*c(m) + 2*y(m). Let x be (0 - (-6)/9) + 30/9. Determine n(x).
-2
Let d(c) = -c**3 - 12*c**2 + 12*c - 19. Let x(l) = -52*l - 481. Let r be x(-9). What is d(r)?
-6
Suppose 0 = -17*a + 446 + 1322. Let g(j) = a + j - 107 - j**2 - 6*j. Suppose 20 - 4 = -4*l. Calculate g(l).
1
Let q(b) = b**2 + 21*b - 47. Let y be q(-23). Suppose 22*g + 13 = 23*g. Let z(l) = -2*l**2 + 14*l - l**2 - g*l. Calculate z(y).
-4
Let y(b) be the third derivative of 7*b**4/24 - 3*b**2 - 879*b. Give y(-1).
-7
Let d(l) = -2*l**2 - 2*l. Suppose -r = -4*t - 10, 0 = -68*r + 70*r + 2*t. Determine d(r).
-12
Let i(a) = -237*a - 5*a**2 + 235*a + 4*a**2 + 6. Let p be i(-3). Let t(o) = -p*o + 4*o - 9 + 6 - 1. Determine t(5).
1
Let d(a) be the first derivative of a**3/3 + 13*a**2/2 - 13*a - 706. Determine d(-15).
17
Let w(n) = n + 8. Suppose 12 = 19*f - 16*f. Suppose 83 + 137 = f*q. Let c = q + -59. Calculate w(c).
4
Let r(d) = -24*d - 22 - 13*d + 26 + 36*d + 6*d**2 + d**3. Suppose -m + 8 = -4*m + 5*k, 3*k - 12 = 3*m. Give r(m).
10
Suppose -16 = 6*p + 15 + 59. Let i(m) = -m**3 - 14*m**2 + 13*m + 18. What is i(p)?
48
Let m(n) = n**2 - 8*n - 9. Let g(q) be the second derivative of -1/20*q**5 + 16*q**2 - 17*q + 4*q**3 + 2*q**4 + 0. Let h be g(25). Give m(h).
-16
Let w = -10055 + 10057. Let u(y) be the third derivative of -16*y**w + 0 + 1/6*y**3 + 0*y + 0*y**4 + 0*y**5 - 1/15*y**6. Give u(1).
-7
Let n(q) = 3*q**2 - 16*q - 16. Let h(z) = 2*z**2 - 8*z - 8. Let o(f) = 5*h(f) - 3*n(f). Let g = -501 + 527. Suppose -g*c = 74 + 82. Calculate o(c).
-4
Let d(z) = z**2 + 7*z + 1. Let x(g) = -19*g**2 - 143*g - 20. Let s(i) = 21*d(i) + x(i). Let h = -12 - -8. What is s(h)?
17
Let x(v) be the second derivative of v**4/12 - 5*v**3/3 + 5*v**2 - 17*v - 5780. Let y = -1 - -8. Give x(y).
-11
Suppose y = 2*k - 3*y - 28, 0 = -5*k - y + 59. Suppose o + 5*a = -12, 129*o - 124*o - 60 = 5*a. Let t(n) = -o*n + k*n - 5*n + 6. Calculate t(8).
-2
Let c(v) be the first derivative of -v**3/3 + v**2/2 - 2*v - 988. Give c(3).
-8
Suppose 4*r = 14 - 2. Let u = -1844 - -1846. Let w(x) = -u*x**3 - r + 14*x**3 - 11*x**3 - 3*x. What is w(3)?
15
Let i(u) = 3*u**3 + 13*u**2 - 4*u + 59. Let v(c) = c**3 + 6*c**2 + 2*c + 1. Let g(p) = i(p) - 4*v(p). Determine g(-9).
1
Let j = 264 - 261. Suppose -j - 272 = -55*l. Let b(u) = 3*u**2 - 10*u. Give b(l).
25
Let q(f) = 148*f**2 + 195*f + 66. Let m(b) = 28*b**2 + 38*b + 13. Let v(u) = 